?
7
What is the hundreds digit of 422330584?
5
What is the millions digit of 274676366?
4
What is the ten thousands digit of 1470896261?
9
What is the units digit of 3780755?
5
What is the hundred thousands digit of 889300121?
3
What is the tens digit of 153678056?
5
What is the tens digit of 128665173?
7
What is the units digit of 132039104?
4
What is the thousands digit of 228541988?
1
What is the hundred millions digit of 118807458?
1
What is the hundred millions digit of 244707615?
2
What is the ten millions digit of 508147178?
0
What is the hundred thousands digit of 9798255?
7
What is the ten thousands digit of 13331496?
3
What is the hundred thousands digit of 88928218?
9
What is the millions digit of 48153388?
8
What is the thousands digit of 392679584?
9
What is the hundred millions digit of 3710015644?
7
What is the hundred millions digit of 209888163?
2
What is the thousands digit of 2369437250?
7
What is the ten thousands digit of 25971121?
7
What is the hundred thousands digit of 48968727?
9
What is the units digit of 2680958734?
4
What is the hundred thousands digit of 18978874?
9
What is the ten thousands digit of 973675622?
7
What is the ten millions digit of 1297342637?
9
What is the ten millions digit of 2008407094?
0
What is the ten millions digit of 317550198?
1
What is the millions digit of 4645425139?
5
What is the ten millions digit of 12688767?
1
What is the hundreds digit of 5167163772?
7
What is the ten thousands digit of 9075740?
7
What is the millions digit of 319993155?
9
What is the hundred thousands digit of 141266321?
2
What is the hundred thousands digit of 108286602?
2
What is the thousands digit of 16936383?
6
What is the units digit of 537407504?
4
What is the units digit of 30216332?
2
What is the units digit of 91182188?
8
What is the ten millions digit of 118556288?
1
What is the ten thousands digit of 25232953?
3
What is the millions digit of 96676606?
6
What is the ten thousands digit of 277712777?
1
What is the units digit of 755653641?
1
What is the units digit of 62436531?
1
What is the tens digit of 74811455?
5
What is the ten thousands digit of 108146965?
4
What is the thousands digit of 306109891?
9
What is the hundreds digit of 8960112429?
4
What is the units digit of 241135786?
6
What is the hundred thousands digit of 3635153939?
1
What is the hundred thousands digit of 1677081007?
0
What is the hundreds digit of 2481975156?
1
What is the units digit of 100044043?
3
What is the units digit of 122126662?
2
What is the thousands digit of 1615891156?
1
What is the thousands digit of 281209851?
9
What is the ten millions digit of 5250640793?
5
What is the hundred thousands digit of 59153431?
1
What is the ten millions digit of 115391380?
1
What is the millions digit of 74852341?
4
What is the millions digit of 61201864?
1
What is the hundreds digit of 3288991448?
4
What is the hundreds digit of 3970564375?
3
What is the tens digit of 130048195?
9
What is the millions digit of 94818852?
4
What is the ten millions digit of 1108193896?
0
What is the hundred thousands digit of 3311100813?
1
What is the ten millions digit of 57591793?
5
What is the ten thousands digit of 80502698?
0
What is the ten thousands digit of 519186739?
8
What is the ten thousands digit of 3766878444?
7
What is the hundred millions digit of 224032825?
2
What is the hundred millions digit of 2079041734?
0
What is the tens digit of 78766946?
4
What is the thousands digit of 1545388134?
8
What is the ten millions digit of 249392637?
4
What is the ten thousands digit of 1533585632?
8
What is the ten millions digit of 3371476510?
7
What is the thousands digit of 52752689?
2
What is the hundred thousands digit of 4542688329?
6
What is the units digit of 701290803?
3
What is the hundred thousands digit of 623184232?
1
What is the units digit of 63048716?
6
What is the hundred thousands digit of 20149327?
1
What is the thousands digit of 5311239029?
9
What is the hundreds digit of 855029147?
1
What is the hundred millions digit of 3444027113?
4
What is the hundred millions digit of 151730614?
1
What is the units digit of 360269746?
6
What is the hundred thousands digit of 97813147?
8
What is the hundred millions digit of 3021543894?
0
What is the tens digit of 1531730628?
2
What is the thousands digit of 164446937?
6
What is the thousands digit of 32819324?
9
What is the hundred thousands digit of 172159480?
1
What is the units digit of 89928067?
7
What is the hundred millions digit of 3977400579?
9
What is the units digit of 24569280?
0
What is the ten thousands digit of 33834330?
3
What is the millions digit of 5167988665?
7
What is the tens digit of 748124631?
3
What is the ten millions digit of 28201146?
2
What is the ten millions digit of 54636879?
5
What is the ten millions digit of 146847226?
4
What is the hundred millions digit of 654171656?
6
What is the units digit of 238158632?
2
What is the hundred millions digit of 2004106488?
0
What is the hundreds digit of 42294091?
0
What is the hundred thousands digit of 876587426?
5
What is the hundred thousands digit of 146164447?
1
What is the thousands digit of 2698480319?
0
What is the millions digit of 8052249?
8
What is the tens digit of 104848864?
6
What is the hundred thousands digit of 587963026?
9
What is the units digit of 3056322715?
5
What is the thousands digit of 60358020?
8
What is the hundred thousands digit of 26867824?
8
What is the hundred millions digit of 426558819?
4
What is the units digit of 5401859?
9
What is the tens digit of 1784836899?
9
What is the ten thousands digit of 376407851?
0
What is the hundreds digit of 2931262566?
5
What is the hundred thousands digit of 92764371?
7
What is the hundreds digit of 211668238?
2
What is the tens digit of 2628386055?
5
What is the hundred thousands digit of 111546707?
5
What is the ten thousands digit of 1113137361?
3
What is the tens digit of 7526884?
8
What is the billions digit of 8084946067?
8
What is the thousands digit of 144534174?
4
What is the units digit of 155838096?
6
What is the tens digit of 2298850370?
7
What is the hundreds digit of 105120559?
5
What is the millions digit of 9933695?
9
What is the ten millions digit of 1316991750?
1
What is the ten millions digit of 1671439191?
7
What is the hundreds digit of 204934051?
0
What is the hundred thousands digit of 97578630?
5
What is the tens digit of 269396435?
3
What is the units digit of 136896331?
1
What is the ten millions digit of 176426516?
7
What is the hundred thousands digit of 1982285689?
2
What is the millions digit of 1005889555?
5
What is the units digit of 34491805?
5
What is the ten thousands digit of 24461558?
6
What is the millions digit of 44180496?
4
What is the units digit of 1319632353?
3
What is the tens digit of 452511729?
2
What is the ten thousands digit of 1401524505?
2
What is the units digit of 7786372998?
8
What is the millions digit of 473584083?
3
What is the ten thousands digit of 3729799313?
9
What is the thousands digit of 542893235?
3
What is the ten millions digit of 1346138429?
4
What is the tens digit of 19363642?
4
What is the hundred thousands digit of 382112969?
1
What is the thousands digit of 5355616824?
6
What is the ten thousands digit of 1645174921?
7
What is the hundreds digit of 51397096?
0
What is the hundreds digit of 66843828?
8
What is the ten thousands digit of 1164914230?
1
What is the units digit of 2216795811?
1
What is the thousands digit of 270882717?
2
What is the units digit of 135842314?
4
What is the tens digit of 462491617?
1
What is the thousands digit of 1830907869?
7
What is the units digit of 73762530?
0
What is the hundred millions digit of 1575236365?
5
What is the millions digit of 1478582304?
8
What is the thousands digit of 2745590567?
0
What is the ten thousands digit of 68789028?
8
What is the units digit of 70801723?
3
What is the hundred thousands digit of 141306766?
3
What is the hundred thousands digit of 49657472?
6
What is the ten millions digit of 2627229981?
2
What is the hundreds digit of 1247081914?
9
What is the units digit of 51383924?
4
What is the ten millions digit of 1728277952?
2
What is the units digit of 871022589?
9
What is the ten millions digit of 10755266